{"id":36,"date":"2025-03-09T22:43:06","date_gmt":"2025-03-09T22:43:06","guid":{"rendered":"https:\/\/krakowcelticfestival.pl\/po-polsku\/?page_id=36"},"modified":"2025-03-17T08:35:55","modified_gmt":"2025-03-17T08:35:55","slug":"programme","status":"publish","type":"page","link":"https:\/\/krakowcelticfestival.pl\/po-polsku\/programme\/","title":{"rendered":"FESTIVAL PROGRAMME"},"content":{"rendered":"\n<div style=\"height:var(--wp--preset--spacing--50)\" aria-hidden=\"true\" class=\"wp-block-spacer\"><\/div>\n\n\n\n<div class=\"wp-block-group alignwide has-global-padding is-layout-constrained wp-block-group-is-layout-constrained\">\n<h1 class=\"wp-block-heading alignwide has-xx-large-font-size\" style=\"line-height:1.2\">I\u2019m <em>Leia Acosta<\/em>, a passionate photographer who finds inspiration in capturing the fleeting beauty of life.<\/h1>\n<\/div>\n\n\n\n<div class=\"wp-block-group alignfull has-global-padding is-layout-constrained wp-container-core-group-is-layout-0747478d wp-block-group-is-layout-constrained\" style=\"padding-top:var(--wp--preset--spacing--50);padding-right:var(--wp--preset--spacing--50);padding-bottom:var(--wp--preset--spacing--50);padding-left:var(--wp--preset--spacing--50)\">\n<div class=\"wp-block-columns alignwide is-layout-flex wp-container-core-columns-is-layout-ff4b9c61 wp-block-columns-is-layout-flex\" style=\"margin-top:0;margin-bottom:0\">\n<div class=\"wp-block-column is-layout-flow wp-container-core-column-is-layout-8a368f38 wp-block-column-is-layout-flow\">\n<div class=\"wp-block-query is-layout-flow wp-block-query-is-layout-flow\"><ul class=\"wp-block-post-template is-layout-flow wp-container-core-post-template-is-layout-dc68bcd2 wp-block-post-template-is-layout-flow\"><li class=\"wp-block-post post-574 post type-post status-publish format-standard has-post-thumbnail hentry category-uncategorized\">\n<figure style=\"margin-bottom:0;\" class=\"alignwide wp-block-post-featured-image\"><a href=\"https:\/\/krakowcelticfestival.pl\/po-polsku\/blog\/2026\/01\/06\/krakow-celtic-festival-powraca-w-2026-wesprzyj-festiwal-tutaj\/\" target=\"_self\"  ><img loading=\"lazy\" decoding=\"async\" width=\"940\" height=\"1123\" src=\"https:\/\/krakowcelticfestival.pl\/po-polsku\/wp-content\/uploads\/sites\/4\/2025\/09\/DSC9278-e1767697012788.jpg\" class=\"attachment-post-thumbnail size-post-thumbnail wp-post-image\" alt=\"Krak\u00f3w Celtic Festival powraca w 2026! Wesprzyj festiwal tutaj!\" style=\"object-fit:cover;\" srcset=\"https:\/\/krakowcelticfestival.pl\/po-polsku\/wp-content\/uploads\/sites\/4\/2025\/09\/DSC9278-e1767697012788.jpg 940w, https:\/\/krakowcelticfestival.pl\/po-polsku\/wp-content\/uploads\/sites\/4\/2025\/09\/DSC9278-e1767697012788-251x300.jpg 251w, https:\/\/krakowcelticfestival.pl\/po-polsku\/wp-content\/uploads\/sites\/4\/2025\/09\/DSC9278-e1767697012788-857x1024.jpg 857w, https:\/\/krakowcelticfestival.pl\/po-polsku\/wp-content\/uploads\/sites\/4\/2025\/09\/DSC9278-e1767697012788-768x918.jpg 768w\" sizes=\"auto, (max-width: 940px) 100vw, 940px\" \/><\/a><\/figure>\n<\/li><li class=\"wp-block-post post-570 post type-post status-publish format-standard has-post-thumbnail hentry category-uncategorized\">\n<figure style=\"margin-bottom:0;\" class=\"alignwide wp-block-post-featured-image\"><a href=\"https:\/\/krakowcelticfestival.pl\/po-polsku\/blog\/2026\/01\/03\/daty-festiwalu-w-2026-roku-4-6-wrzesnia\/\" target=\"_self\"  ><img loading=\"lazy\" decoding=\"async\" width=\"1600\" height=\"1067\" src=\"https:\/\/krakowcelticfestival.pl\/po-polsku\/wp-content\/uploads\/sites\/4\/2026\/01\/ART_1659.jpg\" class=\"attachment-post-thumbnail size-post-thumbnail wp-post-image\" alt=\"Daty festiwalu w 2026 roku: 4-6 wrze\u015bnia!\" style=\"object-fit:cover;\" srcset=\"https:\/\/krakowcelticfestival.pl\/po-polsku\/wp-content\/uploads\/sites\/4\/2026\/01\/ART_1659.jpg 1600w, https:\/\/krakowcelticfestival.pl\/po-polsku\/wp-content\/uploads\/sites\/4\/2026\/01\/ART_1659-300x200.jpg 300w, https:\/\/krakowcelticfestival.pl\/po-polsku\/wp-content\/uploads\/sites\/4\/2026\/01\/ART_1659-1024x683.jpg 1024w, https:\/\/krakowcelticfestival.pl\/po-polsku\/wp-content\/uploads\/sites\/4\/2026\/01\/ART_1659-768x512.jpg 768w, https:\/\/krakowcelticfestival.pl\/po-polsku\/wp-content\/uploads\/sites\/4\/2026\/01\/ART_1659-1536x1024.jpg 1536w\" sizes=\"auto, (max-width: 1600px) 100vw, 1600px\" \/><\/a><\/figure>\n<\/li><li class=\"wp-block-post post-546 post type-post status-publish format-standard has-post-thumbnail hentry category-uncategorized\">\n<figure style=\"margin-bottom:0;\" class=\"alignwide wp-block-post-featured-image\"><a href=\"https:\/\/krakowcelticfestival.pl\/po-polsku\/blog\/2025\/09\/12\/pierwsza-edycja-krakow-celtic-festival-udala-sie-w-pelni\/\" target=\"_self\"  ><img loading=\"lazy\" decoding=\"async\" width=\"1400\" height=\"934\" src=\"https:\/\/krakowcelticfestival.pl\/po-polsku\/wp-content\/uploads\/sites\/4\/2025\/09\/DSC2824.jpg\" class=\"attachment-post-thumbnail size-post-thumbnail wp-post-image\" alt=\"Pierwsza edycja Krak\u00f3w Celtic Festival uda\u0142a si\u0119 w pe\u0142ni!\" style=\"object-fit:cover;\" srcset=\"https:\/\/krakowcelticfestival.pl\/po-polsku\/wp-content\/uploads\/sites\/4\/2025\/09\/DSC2824.jpg 1400w, https:\/\/krakowcelticfestival.pl\/po-polsku\/wp-content\/uploads\/sites\/4\/2025\/09\/DSC2824-300x200.jpg 300w, https:\/\/krakowcelticfestival.pl\/po-polsku\/wp-content\/uploads\/sites\/4\/2025\/09\/DSC2824-1024x683.jpg 1024w, https:\/\/krakowcelticfestival.pl\/po-polsku\/wp-content\/uploads\/sites\/4\/2025\/09\/DSC2824-768x512.jpg 768w\" sizes=\"auto, (max-width: 1400px) 100vw, 1400px\" \/><\/a><\/figure>\n<\/li><\/ul><\/div>\n<\/div>\n\n\n\n<div class=\"wp-block-column is-layout-flow wp-container-core-column-is-layout-8736a895 wp-block-column-is-layout-flow\" style=\"padding-top:0\">\n<div style=\"height:var(--wp--preset--spacing--50)\" aria-hidden=\"true\" class=\"wp-block-spacer\"><\/div>\n\n\n\n<div class=\"wp-block-query is-layout-flow wp-block-query-is-layout-flow\"><ul class=\"wp-block-post-template is-layout-flow wp-container-core-post-template-is-layout-dc68bcd2 wp-block-post-template-is-layout-flow\"><li class=\"wp-block-post post-532 post type-post status-publish format-standard has-post-thumbnail hentry category-news\">\n<figure style=\"margin-bottom:0;margin-top:0;\" class=\"alignwide wp-block-post-featured-image\"><a href=\"https:\/\/krakowcelticfestival.pl\/po-polsku\/blog\/2025\/08\/29\/otwarcie-festiwalu-piatek-5-wrzesnia\/\" target=\"_self\"  ><img loading=\"lazy\" decoding=\"async\" width=\"1200\" height=\"628\" src=\"https:\/\/krakowcelticfestival.pl\/po-polsku\/wp-content\/uploads\/sites\/4\/2025\/08\/KCF-KPJ-FB-event-cover.png\" class=\"attachment-post-thumbnail size-post-thumbnail wp-post-image\" alt=\"Otwarcie Festiwalu! &#8211; Pi\u0105tek 5 wrze\u015bnia\" style=\"object-fit:cover;\" srcset=\"https:\/\/krakowcelticfestival.pl\/po-polsku\/wp-content\/uploads\/sites\/4\/2025\/08\/KCF-KPJ-FB-event-cover.png 1200w, https:\/\/krakowcelticfestival.pl\/po-polsku\/wp-content\/uploads\/sites\/4\/2025\/08\/KCF-KPJ-FB-event-cover-300x157.png 300w, https:\/\/krakowcelticfestival.pl\/po-polsku\/wp-content\/uploads\/sites\/4\/2025\/08\/KCF-KPJ-FB-event-cover-1024x536.png 1024w, https:\/\/krakowcelticfestival.pl\/po-polsku\/wp-content\/uploads\/sites\/4\/2025\/08\/KCF-KPJ-FB-event-cover-768x402.png 768w\" sizes=\"auto, (max-width: 1200px) 100vw, 1200px\" \/><\/a><\/figure>\n<\/li><li class=\"wp-block-post post-528 post type-post status-publish format-standard has-post-thumbnail hentry category-news\">\n<figure style=\"margin-bottom:0;margin-top:0;\" class=\"alignwide wp-block-post-featured-image\"><a href=\"https:\/\/krakowcelticfestival.pl\/po-polsku\/blog\/2025\/08\/29\/program-festiwalu-beltaine\/\" target=\"_self\"  ><img loading=\"lazy\" decoding=\"async\" width=\"1200\" height=\"750\" src=\"https:\/\/krakowcelticfestival.pl\/po-polsku\/wp-content\/uploads\/sites\/4\/2025\/08\/02_Beltaine_SylwesterPalimaka.jpg\" class=\"attachment-post-thumbnail size-post-thumbnail wp-post-image\" alt=\"Program Festiwalu: Beltaine\" style=\"object-fit:cover;\" srcset=\"https:\/\/krakowcelticfestival.pl\/po-polsku\/wp-content\/uploads\/sites\/4\/2025\/08\/02_Beltaine_SylwesterPalimaka.jpg 1200w, https:\/\/krakowcelticfestival.pl\/po-polsku\/wp-content\/uploads\/sites\/4\/2025\/08\/02_Beltaine_SylwesterPalimaka-300x188.jpg 300w, https:\/\/krakowcelticfestival.pl\/po-polsku\/wp-content\/uploads\/sites\/4\/2025\/08\/02_Beltaine_SylwesterPalimaka-1024x640.jpg 1024w, https:\/\/krakowcelticfestival.pl\/po-polsku\/wp-content\/uploads\/sites\/4\/2025\/08\/02_Beltaine_SylwesterPalimaka-768x480.jpg 768w\" sizes=\"auto, (max-width: 1200px) 100vw, 1200px\" \/><\/a><\/figure>\n<\/li><li class=\"wp-block-post post-503 post type-post status-publish format-standard has-post-thumbnail hentry category-news\">\n<figure style=\"margin-bottom:0;margin-top:0;\" class=\"alignwide wp-block-post-featured-image\"><a href=\"https:\/\/krakowcelticfestival.pl\/po-polsku\/blog\/2025\/08\/27\/oficjalny-program-krakow-celtic-festival-5-7-wrzesnia-2025-r\/\" target=\"_self\"  ><img loading=\"lazy\" decoding=\"async\" width=\"1200\" height=\"1714\" src=\"https:\/\/krakowcelticfestival.pl\/po-polsku\/wp-content\/uploads\/sites\/4\/2025\/08\/festiwal-celtycki-4-kopia.jpg\" class=\"attachment-post-thumbnail size-post-thumbnail wp-post-image\" alt=\"OFICJALNY PROGRAM Krak\u00f3w Celtic Festival, 5-7 WRZE\u015aNIA 2025 R.\" style=\"object-fit:cover;\" srcset=\"https:\/\/krakowcelticfestival.pl\/po-polsku\/wp-content\/uploads\/sites\/4\/2025\/08\/festiwal-celtycki-4-kopia.jpg 1200w, https:\/\/krakowcelticfestival.pl\/po-polsku\/wp-content\/uploads\/sites\/4\/2025\/08\/festiwal-celtycki-4-kopia-210x300.jpg 210w, https:\/\/krakowcelticfestival.pl\/po-polsku\/wp-content\/uploads\/sites\/4\/2025\/08\/festiwal-celtycki-4-kopia-717x1024.jpg 717w, https:\/\/krakowcelticfestival.pl\/po-polsku\/wp-content\/uploads\/sites\/4\/2025\/08\/festiwal-celtycki-4-kopia-768x1097.jpg 768w, https:\/\/krakowcelticfestival.pl\/po-polsku\/wp-content\/uploads\/sites\/4\/2025\/08\/festiwal-celtycki-4-kopia-1075x1536.jpg 1075w\" sizes=\"auto, (max-width: 1200px) 100vw, 1200px\" \/><\/a><\/figure>\n<\/li><\/ul><\/div>\n\n\n\n<div style=\"height:var(--wp--preset--spacing--50)\" aria-hidden=\"true\" class=\"wp-block-spacer\"><\/div>\n<\/div>\n\n\n\n<div class=\"wp-block-column is-layout-flow wp-container-core-column-is-layout-8a368f38 wp-block-column-is-layout-flow\">\n<div class=\"wp-block-query is-layout-flow wp-block-query-is-layout-flow\"><ul class=\"wp-block-post-template is-layout-flow wp-container-core-post-template-is-layout-dc68bcd2 wp-block-post-template-is-layout-flow\"><li class=\"wp-block-post post-535 post type-post status-publish format-standard has-post-thumbnail hentry category-media\">\n<figure style=\"margin-bottom:0;\" class=\"alignwide wp-block-post-featured-image\"><a href=\"https:\/\/krakowcelticfestival.pl\/po-polsku\/blog\/2025\/08\/22\/naucz-sie-naszej-oficjalnej-melodii\/\" target=\"_self\"  ><img loading=\"lazy\" decoding=\"async\" width=\"1340\" height=\"945\" src=\"https:\/\/krakowcelticfestival.pl\/po-polsku\/wp-content\/uploads\/sites\/4\/2025\/08\/Screenshot-2025-09-01-at-00.35.57.png\" class=\"attachment-post-thumbnail size-post-thumbnail wp-post-image\" alt=\"Naucz si\u0119 naszej oficjalnej melodii!\" style=\"object-fit:cover;\" srcset=\"https:\/\/krakowcelticfestival.pl\/po-polsku\/wp-content\/uploads\/sites\/4\/2025\/08\/Screenshot-2025-09-01-at-00.35.57.png 1340w, https:\/\/krakowcelticfestival.pl\/po-polsku\/wp-content\/uploads\/sites\/4\/2025\/08\/Screenshot-2025-09-01-at-00.35.57-300x212.png 300w, https:\/\/krakowcelticfestival.pl\/po-polsku\/wp-content\/uploads\/sites\/4\/2025\/08\/Screenshot-2025-09-01-at-00.35.57-1024x722.png 1024w, https:\/\/krakowcelticfestival.pl\/po-polsku\/wp-content\/uploads\/sites\/4\/2025\/08\/Screenshot-2025-09-01-at-00.35.57-768x542.png 768w\" sizes=\"auto, (max-width: 1340px) 100vw, 1340px\" \/><\/a><\/figure>\n<\/li><li class=\"wp-block-post post-519 post type-post status-publish format-standard has-post-thumbnail hentry category-news\">\n<figure style=\"margin-bottom:0;\" class=\"alignwide wp-block-post-featured-image\"><a href=\"https:\/\/krakowcelticfestival.pl\/po-polsku\/blog\/2025\/08\/21\/koszulki-krakow-celtic-festival\/\" target=\"_self\"  ><img loading=\"lazy\" decoding=\"async\" width=\"477\" height=\"626\" src=\"https:\/\/krakowcelticfestival.pl\/po-polsku\/wp-content\/uploads\/sites\/4\/2025\/08\/Screenshot-2025-08-21-at-17.54.49.png\" class=\"attachment-post-thumbnail size-post-thumbnail wp-post-image\" alt=\"Koszulki Krak\u00f3w Celtic Festival\" style=\"object-fit:cover;\" srcset=\"https:\/\/krakowcelticfestival.pl\/po-polsku\/wp-content\/uploads\/sites\/4\/2025\/08\/Screenshot-2025-08-21-at-17.54.49.png 477w, https:\/\/krakowcelticfestival.pl\/po-polsku\/wp-content\/uploads\/sites\/4\/2025\/08\/Screenshot-2025-08-21-at-17.54.49-229x300.png 229w\" sizes=\"auto, (max-width: 477px) 100vw, 477px\" \/><\/a><\/figure>\n<\/li><li class=\"wp-block-post post-516 post type-post status-publish format-standard has-post-thumbnail hentry category-news\">\n<figure style=\"margin-bottom:0;\" class=\"alignwide wp-block-post-featured-image\"><a href=\"https:\/\/krakowcelticfestival.pl\/po-polsku\/blog\/2025\/08\/20\/zgloszenie-na-wolontariat\/\" target=\"_self\"  ><img loading=\"lazy\" decoding=\"async\" width=\"1704\" height=\"1392\" src=\"https:\/\/krakowcelticfestival.pl\/po-polsku\/wp-content\/uploads\/sites\/4\/2025\/08\/Screenshot-2025-08-20-at-14.44.13.png\" class=\"attachment-post-thumbnail size-post-thumbnail wp-post-image\" alt=\"Zg\u0142oszenie na wolontariat\" style=\"object-fit:cover;\" srcset=\"https:\/\/krakowcelticfestival.pl\/po-polsku\/wp-content\/uploads\/sites\/4\/2025\/08\/Screenshot-2025-08-20-at-14.44.13.png 1704w, https:\/\/krakowcelticfestival.pl\/po-polsku\/wp-content\/uploads\/sites\/4\/2025\/08\/Screenshot-2025-08-20-at-14.44.13-300x245.png 300w, https:\/\/krakowcelticfestival.pl\/po-polsku\/wp-content\/uploads\/sites\/4\/2025\/08\/Screenshot-2025-08-20-at-14.44.13-1024x837.png 1024w, https:\/\/krakowcelticfestival.pl\/po-polsku\/wp-content\/uploads\/sites\/4\/2025\/08\/Screenshot-2025-08-20-at-14.44.13-768x627.png 768w, https:\/\/krakowcelticfestival.pl\/po-polsku\/wp-content\/uploads\/sites\/4\/2025\/08\/Screenshot-2025-08-20-at-14.44.13-1536x1255.png 1536w\" sizes=\"auto, (max-width: 1704px) 100vw, 1704px\" \/><\/a><\/figure>\n<\/li><\/ul><\/div>\n<\/div>\n\n\n\n<div class=\"wp-block-column is-layout-flow wp-container-core-column-is-layout-8736a895 wp-block-column-is-layout-flow\" style=\"padding-top:0\">\n<div style=\"height:var(--wp--preset--spacing--50)\" aria-hidden=\"true\" class=\"wp-block-spacer\"><\/div>\n\n\n\n<div class=\"wp-block-query is-layout-flow wp-block-query-is-layout-flow\"><ul class=\"wp-block-post-template is-layout-flow wp-container-core-post-template-is-layout-dc68bcd2 wp-block-post-template-is-layout-flow\"><li class=\"wp-block-post post-456 post type-post status-publish format-standard has-post-thumbnail hentry category-uncategorized\">\n<figure style=\"margin-top:0;margin-bottom:0;\" class=\"alignwide wp-block-post-featured-image\"><a href=\"https:\/\/krakowcelticfestival.pl\/po-polsku\/blog\/2025\/07\/31\/program-festiwalu-paddy-de-las-pampas-and-lenka-fairy\/\" target=\"_self\"  ><img loading=\"lazy\" decoding=\"async\" width=\"1066\" height=\"1600\" src=\"https:\/\/krakowcelticfestival.pl\/po-polsku\/wp-content\/uploads\/sites\/4\/2025\/07\/Paddy-de-las-Pampas-and-Lenka-Fairy.jpg\" class=\"attachment-post-thumbnail size-post-thumbnail wp-post-image\" alt=\"Program Festiwalu: Paddy de las Pampas and Lenka Fairy\" style=\"object-fit:cover;\" srcset=\"https:\/\/krakowcelticfestival.pl\/po-polsku\/wp-content\/uploads\/sites\/4\/2025\/07\/Paddy-de-las-Pampas-and-Lenka-Fairy.jpg 1066w, https:\/\/krakowcelticfestival.pl\/po-polsku\/wp-content\/uploads\/sites\/4\/2025\/07\/Paddy-de-las-Pampas-and-Lenka-Fairy-200x300.jpg 200w, https:\/\/krakowcelticfestival.pl\/po-polsku\/wp-content\/uploads\/sites\/4\/2025\/07\/Paddy-de-las-Pampas-and-Lenka-Fairy-682x1024.jpg 682w, https:\/\/krakowcelticfestival.pl\/po-polsku\/wp-content\/uploads\/sites\/4\/2025\/07\/Paddy-de-las-Pampas-and-Lenka-Fairy-768x1153.jpg 768w, https:\/\/krakowcelticfestival.pl\/po-polsku\/wp-content\/uploads\/sites\/4\/2025\/07\/Paddy-de-las-Pampas-and-Lenka-Fairy-1023x1536.jpg 1023w\" sizes=\"auto, (max-width: 1066px) 100vw, 1066px\" \/><\/a><\/figure>\n<\/li><li class=\"wp-block-post post-453 post type-post status-publish format-standard has-post-thumbnail hentry category-uncategorized\">\n<figure style=\"margin-top:0;margin-bottom:0;\" class=\"alignwide wp-block-post-featured-image\"><a href=\"https:\/\/krakowcelticfestival.pl\/po-polsku\/blog\/2025\/07\/31\/program-festiwalu-branan\/\" target=\"_self\"  ><img loading=\"lazy\" decoding=\"async\" width=\"1000\" height=\"665\" src=\"https:\/\/krakowcelticfestival.pl\/po-polsku\/wp-content\/uploads\/sites\/4\/2025\/07\/Branan-poziom.jpg\" class=\"attachment-post-thumbnail size-post-thumbnail wp-post-image\" alt=\"Program Festiwalu: Bran\u00e1n\" style=\"object-fit:cover;\" srcset=\"https:\/\/krakowcelticfestival.pl\/po-polsku\/wp-content\/uploads\/sites\/4\/2025\/07\/Branan-poziom.jpg 1000w, https:\/\/krakowcelticfestival.pl\/po-polsku\/wp-content\/uploads\/sites\/4\/2025\/07\/Branan-poziom-300x200.jpg 300w, https:\/\/krakowcelticfestival.pl\/po-polsku\/wp-content\/uploads\/sites\/4\/2025\/07\/Branan-poziom-768x511.jpg 768w\" sizes=\"auto, (max-width: 1000px) 100vw, 1000px\" \/><\/a><\/figure>\n<\/li><li class=\"wp-block-post post-450 post type-post status-publish format-standard has-post-thumbnail hentry category-uncategorized\">\n<figure style=\"margin-top:0;margin-bottom:0;\" class=\"alignwide wp-block-post-featured-image\"><a href=\"https:\/\/krakowcelticfestival.pl\/po-polsku\/blog\/2025\/07\/31\/program-festiwalu-comhlan\/\" target=\"_self\"  ><img loading=\"lazy\" decoding=\"async\" width=\"1531\" height=\"1370\" src=\"https:\/\/krakowcelticfestival.pl\/po-polsku\/wp-content\/uploads\/sites\/4\/2025\/07\/Comhlan.jpg\" class=\"attachment-post-thumbnail size-post-thumbnail wp-post-image\" alt=\"Program Festiwalu: Comhlan\" style=\"object-fit:cover;\" srcset=\"https:\/\/krakowcelticfestival.pl\/po-polsku\/wp-content\/uploads\/sites\/4\/2025\/07\/Comhlan.jpg 1531w, https:\/\/krakowcelticfestival.pl\/po-polsku\/wp-content\/uploads\/sites\/4\/2025\/07\/Comhlan-300x268.jpg 300w, https:\/\/krakowcelticfestival.pl\/po-polsku\/wp-content\/uploads\/sites\/4\/2025\/07\/Comhlan-1024x916.jpg 1024w, https:\/\/krakowcelticfestival.pl\/po-polsku\/wp-content\/uploads\/sites\/4\/2025\/07\/Comhlan-768x687.jpg 768w\" sizes=\"auto, (max-width: 1531px) 100vw, 1531px\" \/><\/a><\/figure>\n<\/li><\/ul><\/div>\n\n\n\n<div style=\"height:var(--wp--preset--spacing--50)\" aria-hidden=\"true\" class=\"wp-block-spacer\"><\/div>\n<\/div>\n<\/div>\n<\/div>\n","protected":false},"excerpt":{"rendered":"<p>I\u2019m Leia Acosta, a passionate photographer who finds inspiration in capturing the fleeting beauty of life.<\/p>\n","protected":false},"author":1,"featured_media":0,"parent":0,"menu_order":0,"comment_status":"closed","ping_status":"closed","template":"wp-custom-template-festival-program","meta":{"footnotes":""},"class_list":["post-36","page","type-page","status-publish","hentry"],"_links":{"self":[{"href":"https:\/\/krakowcelticfestival.pl\/po-polsku\/wp-json\/wp\/v2\/pages\/36","targetHints":{"allow":["GET"]}}],"collection":[{"href":"https:\/\/krakowcelticfestival.pl\/po-polsku\/wp-json\/wp\/v2\/pages"}],"about":[{"href":"https:\/\/krakowcelticfestival.pl\/po-polsku\/wp-json\/wp\/v2\/types\/page"}],"author":[{"embeddable":true,"href":"https:\/\/krakowcelticfestival.pl\/po-polsku\/wp-json\/wp\/v2\/users\/1"}],"replies":[{"embeddable":true,"href":"https:\/\/krakowcelticfestival.pl\/po-polsku\/wp-json\/wp\/v2\/comments?post=36"}],"version-history":[{"count":4,"href":"https:\/\/krakowcelticfestival.pl\/po-polsku\/wp-json\/wp\/v2\/pages\/36\/revisions"}],"predecessor-version":[{"id":107,"href":"https:\/\/krakowcelticfestival.pl\/po-polsku\/wp-json\/wp\/v2\/pages\/36\/revisions\/107"}],"wp:attachment":[{"href":"https:\/\/krakowcelticfestival.pl\/po-polsku\/wp-json\/wp\/v2\/media?parent=36"}],"curies":[{"name":"wp","href":"https:\/\/api.w.org\/{rel}","templated":true}]}}